 by 8.
7
Suppose -5*j + 25 = 0, -l = -2*l + 2*j - 9. Suppose 3*t = -c - 8, t + 1 + 7 = 5*c. Calculate the remainder when l is divided by c.
0
Suppose j = 0, -39 = 4*c - j - 123. What is the remainder when 41 is divided by c?
20
Let w(j) = 2*j**2 + 3*j - 14. What is the remainder when w(-7) is divided by 17?
12
Let c = -48 + 58. Let k(v) = v**3 - 5*v**2 - v - 2. What is the remainder when k(6) is divided by c?
8
What is the remainder when (-72)/(-5) - (-3)/5 is divided by 8?
7
Let i = -16 - -31. Calculate the remainder when -3 - -30 - (0 + -2) is divided by i.
14
Suppose -5*z + 222 = -3*z - 2*j, -3*z + 4*j + 335 = 0. What is the remainder when z is divided by 28?
25
Let w = 9 - 1. Let j = -1 + w. What is the remainder when 11 is divided by j?
4
Let a = -32 + 81. What is the remainder when a is divided by 13?
10
Suppose 0*s = 5*s - 20. Suppose -z + 5 = s*z. Suppose -3*g + 0*g + 3 = 0. Calculate the remainder when z is divided by g.
0
Let d be 3 - (12/3 - 21). What is the remainder when (-789)/(-15) - (-8)/d is divided by 27?
26
Calculate the remainder when 53 is divided by (-1)/(-3) - 530/(-30).
17
Let v(p) = p + 1. Let h(r) = 81*r + 54. Let d(c) = h(c) - 54*v(c). Calculate the remainder when d(1) is divided by 7.
6
Let p(s) = -s**3 - 6*s**2 - 6*s. Let m be p(-6). Let x = m - 22. What is the remainder when (-84 - -2)/(-1)*(-3)/(-6) is divided by x?
13
Suppose 6*h - 4*h - 4 = 0. Calculate the remainder when 7 is divided by h.
1
Let p(h) = h. Let i be p(4). Let x(d) = 5 - i + 2*d + 2. What is the remainder when 17 is divided by x(3)?
8
Let q = 3 - 0. Let d be (2/q)/(2/12). Suppose -10 = -2*v - d*m, -5*m + 2*m = -2*v + 17. What is the remainder when v is divided by 3?
1
Let r(j) be the first derivative of -j**4/4 - 4*j**3/3 - 4*j + 1. Let o be r(-5). Let c = o + -2. Calculate the remainder when 36 is divided by c.
17
Suppose 0 = -5*j - 0*j - 30. Let b(d) = -10*d - 2. Calculate the remainder when b(j) is divided by 30.
28
Let z be (-22)/4 + 3/(-2). Let c = z - -23. Calculate the remainder when 61 is divided by c.
13
Let m be (-2)/(-5) + 2/(-5). Suppose -35 = -5*l + 25. Suppose -x + m = -l. What is the remainder when x is divided by 7?
5
Suppose -9*r - 23 + 158 = 0. Calculate the remainder when 69 is divided by r.
9
Let w(r) = -r**2 - 5*r + 5. Let g be w(-6). What is the remainder when 7 is divided by 5 - (2 - (0 - g))?
3
Suppose p + 36 = -p. Let n = 45 + p. Let k(i) = i + 15. What is the remainder when n is divided by k(0)?
12
Let m be (2 - -1) + -2 - -158. Suppose m - 59 = 2*t. What is the remainder when t is divided by ((-2)/1 - -1) + 18?
16
Suppose -3*b = 64 - 175. What is the remainder when b is divided by 10?
7
Calculate the remainder when 51 is divided by -5 + -3 + 20 + -3.
6
Let v(g) = g**2 - g - 7. Let p(m) = 8*m + 52. Calculate the remainder when v(6) is divided by p(-6).
3
Suppose -4*c + 63 = -c. Let h = 37 + c. Suppose -3*b + 4*z = -h, 0 = -0*b + b + z - 17. Calculate the remainder when 52 is divided by b.
16
Let a(d) = -d**3 - 4*d**2 + 5. Let i(h) = -3*h - 1. What is the remainder when a(-4) is divided by i(-1)?
1
Let w(p) = -p**2 + 2*p + 4*p**2 - 3*p + 0*p**2 + 2. Suppose 0 = -5*i + 4*k + 55, 4*k - 33 = -i - 2*i. Calculate the remainder when w(-3) is divided by i.
10
Let o be 2/4 - 9/2. Let h = 15 + o. What is the remainder when h is divided by 7?
4
Let k = 172 - 113. What is the remainder when k is divided by 16?
11
Suppose -220 = -4*y + 2*v, 192 = 4*y + 3*v + 2*v. Let g = 47 - 33. What is the remainder when y is divided by g?
11
Suppose 0*j - 49 = -j. What is the remainder when j is divided by 25?
24
Suppose 2*l - 24 = 34. Let t = -14 + l. Suppose 3*o + 4*k - t = 0, k + 20 = 4*o - 0*o. What is the remainder when 9 is divided by o?
4
Let n be 1 + 4 - (3 - 1). Suppose n*v = v + 258. Suppose 2*d - v = -7. Calculate the remainder when d is divided by 21.
19
Let m = -7 + 14. Let o(k) = k**3 + 6*k**2 + 4*k - 3. What is the remainder when m is divided by o(-5)?
1
Let x(u) = -u**2 + 15*u - 51. What is the remainder when 5 is divided by x(6)?
2
Let j = -20 - -24. Suppose j*v - 25 = 3*v. Calculate the remainder when v is divided by 14.
11
Let m(k) = k**2 - 5*k - 10. Let h be m(7). Suppose -3*a + 2*i = -28, -2*a = -h*a - 5*i + 25. What is the remainder when 39 is divided by a?
9
Let m = -95 + 136. What is the remainder when m is divided by 21?
20
Suppose -22 = -4*w - w - u, -4*u + 8 = 4*w. Let g(d) = w*d**2 + 4 + 2*d**3 + 4 + 2*d + 3*d - 3*d**3. What is the remainder when g(6) is divided by 1?
0
Suppose 0 = -4*b, 5*c + 4*b = 3*c + 24. Suppose 2 = -3*p + 6*p - 4*z, -3*z = -2*p. Suppose 180 = p*q - 2*q. What is the remainder when q is divided by c?
9
Suppose -1 = 2*t + 1. Let k be (-2)/((-1)/(t/(-2))). What is the remainder when ((-574)/(-7))/(k - -1) is divided by 21?
20
Let p = 34 - -9. What is the remainder when 85 is divided by p?
42
Let m = -2 + 3. Let x be (-4)/(8/(-10)) + m. Suppose x = t - 0. Calculate the remainder when 16 is divided by t.
4
Suppose 8*b - 3*b = 10. Suppose -q + h + 13 = -h, -3*q + 39 = b*h. Let x(f) = -25*f**3 - 2*f**2 + 1. What is the remainder when x(-1) is divided by q?
11
Let i be -1 + -2 + 177/3. Suppose 0 = 5*j + 20, 27 = -l + 2*l - 2*j. Calculate the remainder when l is divided by i/(-12)*6/(-4).
5
Let m(h) = -h**2 + 9*h - 8. Let s be m(8). Let i be 2 - (-59 + s/2). Suppose 0 = 5*d - 19 - i. What is the remainder when 31 is divided by d?
15
Suppose -28 = -4*l + 84. What is the remainder when l is divided by (1/(-3))/(3/(-90))?
8
Suppose x = t + 5, -3*x - 2*x - 5*t = 5. Suppose -33 = -x*u - 4*a - 7, -a - 1 = 0. What is the remainder when u is divided by 6?
3
Let w be 23/2 + 2/(-4). Let k = w - 7. Let h(i) = 2*i**2 + 3*i + 1. What is the remainder when h(-3) is divided by k?
2
Suppose 8*l + 36 = 10*l. What is the remainder when (-1)/(-2) + 335/10 is divided by l?
16
Calculate the remainder when 31 is divided by -9*(-2 - -1) - -3.
7
Let w(r) = -20*r. Suppose 5*o = 3*y + 30, 0 = 3*o + 3*y + 5 - 47. Let s = 48 - o. Calculate the remainder when s is divided by w(-1).
19
Let k be -2 + -1 - -2 - -1. Suppose -2*s + 3*f - 108 = k, 5*f + 21 = -3*s - 122. Calculate the remainder when 49 is divided by s/2*(-8)/12.
15
Suppose -j = 2*j - 48. Let y be (1*(3 - 3))/2. Suppose -4*s + 2*b = -y*b - 46, 0 = 3*s - b - 32. Calculate the remainder when j is divided by s.
7
Let c(v) = 7 + 0*v + 3*v**2 - 3 + v - 2*v**2. What is the remainder when 30 is divided by c(-4)?
14
Let n be (-1)/(1 + 6/(-7)). Let l(y) = -y**3 - 7*y**2 - 2*y - 1. What is the remainder when 36 is divided by l(n)?
10
Let w = 21 + -11. Calculate the remainder when 66 is divided by w.
6
What is the remainder when 58 is divided by 73/6 - (-2)/(-12)?
10
Let f be 4/(-18) + 38/9. Suppose 5*n - 82 = -f*g, 82 + 43 = 5*g - 5*n. What is the remainder when g is divided by 12?
11
Suppose 4*o + 7 = -5. Let f(a) = 2*a - 3. Let s be f(o). What is the remainder when 3 is divided by 6/s*(-2 - 1)?
1
Suppose 0*d - 4*d + 112 = 0. What is the remainder when 55 is divided by d?
27
Let x(n) be the second derivative of 2*n**5/5 - n**2/2 + 5*n. What is the remainder when 53 is divided by x(1)?
4
Calculate the remainder when 78 is divided by 10*(4 - (-36)/(-15)).
14
Suppose -3*y - 12 = -t, -10 = -4*t - 2*y - 4. Let o = 1 + -2. Calculate the remainder when 3 is divided by -1 + 4/(t + o).
0
Let t = 7 + -12. Let b(c) = 12*c - 14. Calculate the remainder when b(5) is divided by 3/(((-30)/32)/t).
14
What is the remainder when 61 is divided by 3 - -13 - ((2 - 1) + -1)?
13
Suppose 0 = 4*j - 8*j. Suppose 5*v + 2*d - 54 = j, 5*d + 0 = 10. Calculate the remainder when 15 is divided by v.
5
Suppose -5*x + h = -34, -4*x + 3*h = -32 - 4. What is the remainder when 35 is divided by x?
5
Suppose -10*c + 98 - 8 = 0. Calculate the remainder when 33 is divided by c.
6
Let j = -21 - -84. Calculate the remainder when j is divided by 11.
8
Calculate the remainder when 272/(-40)*(-10)/4 is divided by 10.
7
Let f(d) = 2*d**2 + 2*d - 6. Let g = -7 - -2. What is the remainder when f(g) is divided by 9?
7
Let v(g) = 9*g + 2 + 1 + 10*g**2 + g**3 + 8. Calculate the remainder when (0 + 2 + -33)*-1 is divided by v(-9).
9
Suppose 6 + 110 = 2*d. Calculate the remainder when d is divided by (-2 + -12 + -1)/(-1).
13
Calcula